) = -7 + u + 0*u + 0. Let k = -3806 + 3813. Calculate n(k).
0
Let g(t) = -4*t - 1. Let p be g(-2). Let z(o) = o + 13. Let q(r) = r + 35. Let n(a) = -q(a) + 2*z(a). What is n(p)?
-2
Suppose 5*g + 3*x - 15 = 2*x, 0 = -3*g - x + 11. Suppose -5*i - 36 = 2*y - 49, g*y = 3*i + 5. Let w(n) = -3*n**2 + 2*n + 3*n + 2 + 2*n**2. Calculate w(y).
6
Let y(r) = -4*r**2 + r + 3. Suppose -11*f - 2*f = -13. Let g(b) = b**3 + b - 1. Let z(w) = f*y(w) + g(w). Give z(3).
-1
Let g(p) = 10*p**2 + 1. Let t = 401 - 397. Let m be (t + -3)/(1 - 2). Give g(m).
11
Let f(g) = g**2 - 7*g + 3. Let y(b) = -b**2 - 17*b - 1. Let l be y(-15). Suppose 0 = v - 4*t - 12, -2*v + 3*t = -6*v + l. Calculate f(v).
11
Let o = -182 - -233. Let q(g) = 30 - o + 7*g + 21. Give q(1).
7
Let m = 611 + -611. Suppose m = -5*w - 3*w + 40. Let u(j) = -j**3 + 5*j**2 - 2. What is u(w)?
-2
Suppose 2*c + 4*c = 594. Suppose -11*r - c = -88. Let q(i) = -1 - 2*i + 2*i - 6*i**2. Determine q(r).
-7
Suppose 5*o - 28 = -9*o. Let x(u) = 40*u - o + 13*u**2 - 12*u**2 - 39*u. Suppose -3*s + 8 = -1. Calculate x(s).
10
Let v(m) = 35*m + 102 - 748 + 305. Calculate v(10).
9
Let t(q) be the first derivative of -8/3*q**3 + 0*q - 1/120*q**5 + 0*q**2 + 5/24*q**4 - 21. Let c(p) be the third derivative of t(p). Determine c(0).
5
Let l = 10 - 5. Let s(r) be the first derivative of -4/3*r**3 + 1/4*r**4 + 13 + 7*r - 2*r**2. Give s(l).
12
Let d(n) be the second derivative of n**3 + 2 - 4*n**2 + 1/12*n**4 + 6*n. Determine d(-6).
-8
Let o(j) = j**3 - 547 + 0*j**3 + 11*j + 11*j**2 + 555. Calculate o(-10).
-2
Suppose 5*t + 0 = p - 5, 0 = -4*p + 3*t + 3. Let w be 1*((4 - p) + -3). Let u be w + (-1 + 1 - -4). Let j(f) = f**2 - 6*f - 3. Give j(u).
-8
Let c(y) = 46*y + 179. Let s(f) = -9*f - 38. Let u(l) = -2*c(l) - 11*s(l). Give u(-9).
-3
Let l(w) = 8*w + 39. Let x(b) = -b - 1. Let t be x(-9). Let u be l(t). Suppose 38 = 13*y + u. Let p(q) = -q**3 - 4*q**2 + 5*q - 4. What is p(y)?
-4
Let q(l) = 7*l**3 + 5*l**2 + 23*l + 4. Let a(x) = 9*x**3 + 4*x**2 + 27*x + 4. Let u(s) = 3*a(s) - 4*q(s). Give u(-4).
-24
Let q(x) = -6*x. Let g(z) = -12*z. Let j(i) = 2*g(i) - 5*q(i). Suppose 4*c - r = r + 190, c = 4*r + 30. Let m = 49 - c. What is j(m)?
-6
Let y(z) = -3*z**3 - z**2 - 18*z - 8. Let k be y(0). Let r(a) = -3*a + 11. What is r(k)?
35
Suppose -2*u + 10 = g - 12, -4*u - g + 40 = 0. Let a(s) = -9*s**2 - u*s**2 + s**3 - 8*s**2 - 4 + 31*s**2 - s - 4*s**2. Give a(0).
-4
Let j(x) = -x**3 + 6*x**2 - 2*x + 7. Let t(z) be the second derivative of z**5/20 + z**4/6 - 17*z**3/6 - 2*z**2 - 9*z + 2. Let v be t(-5). Calculate j(v).
-5
Suppose -3*a - g + 23 = 0, -189*a - g = -184*a - 39. Let j(o) be the first derivative of -o**4/4 + 7*o**3/3 + 7*o**2/2 - 10*o - 1. Determine j(a).
-18
Let l(i) = -13 + 24 - 44 + 33*i - 36*i. Give l(10).
-63
Let v be (-11 - 448/(-36))*(-3)/(-4) - 1. Let y(c) be the third derivative of -v*c**4 - 19*c**2 - 1/60*c**5 + 1/3*c**3 + 0*c + 0. What is y(-3)?
-1
Let w be 126/3*2*6/8. Let h = 61 - w. Let q(k) = 2*k**3 + 4*k**2 + 2*k - 1. What is q(h)?
-5
Let f(c) = 2*c - 46. Let s be f(19). Let v(d) = -43*d + 18*d - 4 + 17*d + 9*d. Give v(s).
-12
Let g(u) be the third derivative of -u**6/120 + 17*u**5/60 + 19*u**4/12 + 7*u**3/3 + 57*u**2 - 9*u. Give g(19).
14
Let y(x) be the first derivative of -x**3/3 + 12*x**2 + 160*x - 965. Calculate y(29).
15
Let n(x) = x**3 - 9*x**2 + 9*x + 2. Let m(s) = -9*s**3 - 3*s**2 - 11*s - 9. Let k be m(-1). Calculate n(k).
10
Let i(j) = -310*j**2 + 456*j**2 + 9*j - 148*j**2 - 4 + 1. Let c be (-4)/6 + (-34)/(-6). Give i(c).
-8
Let a = 316 + -300. Suppose -2*u + 4 = -y + a, 5*u + 36 = 4*y. Let c(t) be the second derivative of -t**3/2 + 3*t**2 - t. Determine c(y).
-6
Let h(x) be the second derivative of 5*x**4/12 + 19*x**3/3 - 2*x**2 + 1717*x - 1. Give h(-8).
12
Let x(k) = 2*k**2 + k - 3. Suppose -8 = 5*l - r, -2*l = 63*r - 60*r + 27. Determine x(l).
12
Let f(w) = w**2 + w - 2. Suppose -2*s + 5*t + 480 = 0, t - 4*t - 1162 = -5*s. Suppose -s = -2*c - 26. Let v = c + -106. Give f(v).
10
Let f(y) = y**3 + 33*y**2 - 36*y - 67. Let m = 10460 - 10494. What is f(m)?
1
Suppose 0 = -2*k - 23 + 19. Let z(h) = -2*h**2 - 60*h**3 + 3*h - 44*h**3 + 103*h**3 + 1. What is z(k)?
-5
Let i be (1 + 0)/(2/(-12)). Let g(v) = -v**3 - 13*v**2 + 17*v + 54. Let n be g(-14). Let z(m) = -7*m + 19*m + 2*m - n*m + 5. Determine z(i).
-7
Suppose -211*g + 43*g = 1008. Let q(p) = p + 9. Calculate q(g).
3
Let h(m) = -18 - 5*m + 28*m + 6 - 12*m. Let d(x) = 30*x - 35. Let p(b) = 4*d(b) - 11*h(b). Determine p(-11).
3
Let y(m) = -7*m + m**2 + 177 - 185 - 2*m. Let n be y(-1). Let g(u) = -u. Let t(l) = -4*l + 1. Let o(r) = -9*g(r) + 2*t(r). Determine o(n).
4
Let r(u) = u - 2*u - u + 2 + 15*u**2. Let o(f) = -2564*f + 323065. Let j be o(126). Give r(j).
15
Let b(h) be the third derivative of h**5/60 + 9*h**3 - 55*h**2. Let z(o) be the first derivative of b(o). Calculate z(0).
0
Let q(u) = 15*u - 15. Let a(j) = -26*j + 26. Let z(t) = 8*a(t) + 14*q(t). Let m(o) = -o - 8. Let w be m(-6). What is z(w)?
-6
Let n(v) = -5*v - 4. Let i(b) = -11*b - 8. Let l(q) = 4*i(q) - 9*n(q). Suppose 4*x = 0, -199*k + 195*k - 28 = 4*x. Give l(k).
-3
Let v(p) be the third derivative of 1/120*p**6 - 36*p**2 + 0 - 7/60*p**5 - 2/3*p**4 + 0*p - 3/2*p**3. Let j be v(9). Let d(b) = b**2 - 8*b - 4. What is d(j)?
5
Let s(j) be the first derivative of -j**2/2 - 13*j + 166. Suppose 0 = -6*n + 11*n - 10. Suppose -3*z = n*z. Give s(z).
-13
Let a(j) = j**3 + 4*j**2 - 2*j - 3. Let v(h) = 4*h - 27. Let r(w) = -2*w - 1. Let m(d) = -r(d) - v(d). Let i be m(16). Calculate a(i).
5
Let z(q) = -q**2 + 4*q + 2. Let l be (-2451)/(-513) + ((-8)/(-30))/(18/15). Calculate z(l).
-3
Suppose -122*u + 128*u = -606. Let l = -98 - u. Let q(j) = -j**3 - 2. What is q(l)?
-29
Let p(q) = q**3 - 2*q**2 - 3*q - 6. Suppose -2*n = 4*a + 12, -6*a + 2*n - 38 + 20 = 0. Give p(a).
-42
Let l(g) = -g**2 - 12*g - 17. Suppose 5*a + 123 = 73. Let j be l(a). Let t(c) = -48*c**2 - 3*c**j + 49*c**2 + 4*c**3 + 2. Give t(-2).
-2
Let n(u) = u + 91. Let o(d) = 4*d + 275. Let m(l) = -11*n(l) + 4*o(l). Give m(-20).
-1
Let p(t) = -81*t - 1. Let z be (((-272)/80)/17)/(6/30). Give p(z).
80
Let g(s) be the second derivative of -1/12*s**4 - 3/2*s**2 - 101*s - 5/6*s**3 + 0. Give g(-4).
1
Let l(q) = -q**3 + 23*q**2 + 22*q + 37. Let y = -12281 + 12305. Calculate l(y).
-11
Let g be (10/(-4))/(3*13/(-78)). Suppose n - 12 = -3*n + 2*y, -3*n = g*y - 22. Let u(s) = s - 3. Determine u(n).
1
Let h(b) = 31*b**3 + 14*b**3 - 4*b**2 - 44*b**3 + 3*b. Give h(3).
0
Let t(n) = 12*n - 20 + 9*n - 21*n + 8*n - 18*n + 11*n. Suppose 93 = 4*w - 4*a + 33, -3*w + a = -45. What is t(w)?
-5
Let p(s) = s**3 + 6*s**2 - s - 5. Suppose -2*x = -485 + 2441. Let u = x - -973. What is p(u)?
25
Let j(o) = -17*o**3 + 25*o**2 - 10*o - 6. Let f(l) = 24*l**3 - 35*l**2 + 14*l + 8. Let n(m) = 12*f(m) + 17*j(m). What is n(4)?
2
Suppose -6 = -l - 3*x, -2*x = -1 - 3. Let p = l - -2. Suppose 5 = p*c + 15. Let g(k) = -k**3 - 6*k**2 - 3*k + 6. Give g(c).
-4
Let a(w) = w**3 - 7*w**2 - 9*w + 12. Let l be ((-333)/(-222))/(((-18)/(-20))/(24/5)). Calculate a(l).
4
Let p(d) = -6*d**2 + 16*d**2 + 3 - 9*d**2 - 3*d**2 - 5*d**3 - 3*d + 7*d**3. Calculate p(2).
5
Let t(z) = -z**3 + 10*z**2 + 18*z - 245. Let u be t(9). Let a(g) = -g**3 - 10*g**2 - 12*g - 2. Calculate a(u).
-10
Let f(c) = c + 3. Let i(w) = -w**2 + 19*w. Let t be i(19). Suppose -2*g + t*g + 75 = -5*r, 0 = -2*g - 3*r + 83. Let u = g + -34. What is f(u)?
9
Let m(i) = -i**3 - i + 4. Suppose -5*q + 27 = 3*h - 65, -100 = -5*q - 5*h. Suppose 60 = 4*f - 3*b, 3*f + 6*b = b + q. Let y = f - 12. What is m(y)?
4
Let u(z) = -3*z + 15. Let b be 42/15*(-150)/(-20). Suppose 3*d - 3 + 4 = 4*q, 4*q + d - b = 0. What is u(q)?
3
Let q(h) = h**3 + 5*h**2 + 4. Let l(s) = 5*s - 52. Let g be l(18). Let m = 34 - g. Determine q(m).
20
Let x(r) = 5*r**2 + 4*r + 21. Let v(p) = -11*p**2 - 8*p - 47. Let g(h) = -6*v(h) - 13*x(h). Determine g(7).
30
Let r(m) = -12*m - 12*m - 89 + 47*m + 41 - 19*m + 43. Let s = -1 - -4. Let l be -2 + (-2 - -5) + s. Calculate r(l).
11
Let z = 2 - 3. Let i be z - -6*(1 + 1). Let q(p) = -7*p**2 - 3*p**2 + 4 + 11*p - 280*p**3 - 2*p**2 + 66*p**3 + 215*p**3. What is q(i)?
4
Let l(a) = 765*a - 4 - 2*a**2 - 760*a + a**2 + 0*a**2 - a